is 110 + -11100110111?
-11100110001
In base 7, what is 0 + -22334?
-22334
In base 14, what is -8 + 27?
1d
In base 2, what is -11111110 + 1111?
-11101111
In base 16, what is -26 - -5?
-21
In base 10, what is 2 - -117?
119
In base 3, what is 1 - 120010?
-120002
In base 9, what is 210 + 56?
266
In base 2, what is 1010010 + 1001?
1011011
In base 7, what is 134 + 3?
140
In base 9, what is -2 + 310?
307
In base 2, what is -101 - 1100?
-10001
In base 13, what is -3 + -50b?
-511
In base 12, what is 177 + -4?
173
In base 14, what is 1 - -2a?
2b
In base 8, what is -3 + -330?
-333
In base 4, what is 201 - 101?
100
In base 9, what is 5 + -2?
3
In base 13, what is -3a + -2?
-3c
In base 7, what is -5 + 41?
33
In base 4, what is 0 + 12230?
12230
In base 10, what is 1 - -3014?
3015
In base 11, what is -1516 - -3?
-1513
In base 8, what is -2 - -5?
3
In base 7, what is -3 - 31?
-34
In base 2, what is 10100 - 1010011101?
-1010001001
In base 5, what is 420 + -1331?
-411
In base 12, what is 3163 - -4?
3167
In base 13, what is 0 - -3b?
3b
In base 10, what is 4 - -1182?
1186
In base 9, what is 1 - -1251?
1252
In base 10, what is 9 - -343?
352
In base 13, what is -1ab + -22?
-200
In base 15, what is 3 - d0?
-cc
In base 11, what is 4 + a?
13
In base 15, what is -4 + 56?
52
In base 16, what is -4f - -2?
-4d
In base 9, what is -2532 + -5?
-2537
In base 5, what is 330 - 4?
321
In base 8, what is -22 - 141?
-163
In base 10, what is -4 - -172?
168
In base 11, what is 17 + -1?
16
In base 8, what is -57 - -12?
-45
In base 13, what is -2 - 61?
-63
In base 8, what is 1610 - -15?
1625
In base 13, what is 5 + -b6?
-b1
In base 5, what is 2 - -1004?
1011
In base 14, what is 2 - -22?
24
In base 10, what is -7 - -307?
300
In base 15, what is 4 - -420?
424
In base 6, what is -220 - -3?
-213
In base 6, what is 1003 + -3?
1000
In base 6, what is -5 + -20105?
-20114
In base 14, what is -8 - -d?
5
In base 8, what is -12 + 667?
655
In base 5, what is 0 + 411?
411
In base 2, what is -100010001 + -101?
-100010110
In base 15, what is 1 + -215?
-214
In base 13, what is -4 - 17?
-1b
In base 2, what is -101000111 - 0?
-101000111
In base 14, what is 361 - 2?
35d
In base 2, what is 100111 - -1010?
110001
In base 15, what is -134 - b?
-140
In base 8, what is -766 + 5?
-761
In base 8, what is 11 + -10?
1
In base 15, what is 17 + -a?
c
In base 8, what is 12 + -1135?
-1123
In base 3, what is -10 + -2010012?
-2010022
In base 4, what is 1221 + 3110?
10331
In base 3, what is -11 + 1121?
1110
In base 4, what is -2 - 102?
-110
In base 15, what is -35a + -3?
-35d
In base 5, what is -42 + 13?
-24
In base 10, what is 123 - -2?
125
In base 6, what is 21 - -205?
230
In base 9, what is -127 - 12?
-140
In base 5, what is -40 - 0?
-40
In base 14, what is -3 - 207?
-20a
In base 2, what is 101000011110 - 101?
101000011001
In base 6, what is -52 + 31?
-21
In base 6, what is -3 - 210?
-213
In base 7, what is -2 + 565?
563
In base 7, what is -10 - 0?
-10
In base 11, what is 2 - 677?
-675
In base 10, what is 1077 + 2?
1079
In base 12, what is 10 + 9?
19
In base 11, what is 3 - 54?
-51
In base 4, what is 230 - 231?
-1
In base 8, what is 5137 + 5?
5144
In base 13, what is 3 + 3?
6
In base 14, what is -2 - 3d6?
-3d8
In base 12, what is 4 - -1b5?
1b9
In base 14, what is 9 + -4b?
-42
In base 10, what is 383 - 18?
365
In base 5, what is 4 - 30?
-21
In base 16, what is 1 - 1f?
-1e
In base 8, what is -125 + 2?
-123
In base 2, what is -10 - -10?
0
In base 12, what is -7231 + 2?
-722b
In base 15, what is d + 29b?
2a9
In base 12, what is 0 + -1975?
-1975
In base 13, what is 0 - 2a?
-2a
In base 12, what is -4 - 1781?
-1785
In base 15, what is -6a - 9?
-74
In base 14, what is -5c0 + c?
-5b2
In base 15, what is 9 + a0?
a9
In base 12, what is -27 + -1?
-28
In base 13, what is -1b0c3 - 0?
-1b0c3
In base 5, what is 42 - 112?
-20
In base 9, what is -2 + -235?
-237
In base 2, what is 11111110 - 100?
11111010
In base 12, what is -32 - 10?
-42
In base 8, what is -5 + -17?
-24
In base 10, what is 288 + -3?
285
In base 14, what is 25 + -26?
-1
In base 4, what is -110 + -12?
-122
In base 5, what is -231 - -230?
-1
In base 13, what is 13 + -66?
-53
In base 11, what is -72 - 53?
-115
In base 15, what is -9 + 101?
e7
In base 3, what is -1100022 - -2?
-1100020
In base 12, what is 9b5 - 2?
9b3
In base 5, what is 0 - -3143?
3143
In base 7, what is 1553 + -3?
1550
In base 15, what is e9 - -4?
ed
In base 5, what is -3320 + 10?
-3310
In base 10, what is -12 + 68?
56
In base 15, what is 4 - 6c?
-68
In base 8, what is 1 + 15?
16
In base 7, what is 14 + 1?
15
In base 12, what is 3 - -6?
9
In base 2, what is 1100 - 111?
101
In base 9, what is -430 - 15?
-445
In base 7, what is 4 - -1360?
1364
In base 16, what is -4 + -59e?
-5a2
In base 7, what is 3 + -2?
1
In base 2, what is 1101100 - -10?
1101110
In base 2, what is 1110 + -1101?
1
In base 7, what is -4 - 355?
-362
In base 4, what is 31 + -1102?
-1011
In base 9, what is 1 - -5?
6
In base 12, what is 9 - 30?
-23
In base 2, what is 110011111 + 1?
110100000
In base 4, what is -320 + -22013?
-22333
In base 11, what is 338 + 1?
339
In base 15, what is c + 5?
12
In base 8, what is 1 + -1600?
-1577
In base 9, what is 24 + -6?
17
In base 9, what is 4 - -1?
5
In base 3, what is 11 - -220020?
220101
In base 11, what is 62 - 8?
55
In base 8, what is 16 + 56?
74
In base 2, what is 110 + 1100001?
1100111
In base 11, what is 48 - 69?
-21
In base 9, what is 6 + 141?
147
In base 2, what is -1 + 11000010001?
11000010000
In base 4, what is 2 - -2012?
2020
In base 12, what is 0 - 4b1?
-4b1
In base 14, what is 25 + -1?
24
In base 8, what is 2 - -3105?
3107
In base 4, what is 1101102 - -11?
1101113
In base 13, what is -620 + -3?
-623
In base 6, what is -42 - 0?
-42
In base 10, what is -5 + 147?
142
In base 11, what is 0 + 8a5?
8a5
In base 13, what is -a18 - 5?
-a20
In base 11, what is 5 - -327?
331
In base 2, what is -100010 - -1011?
-10111
In base 12, what is -5b4 + -5?
-5b9
In base 7, what is 3 + -615?
-612
In base 7, what is 1 - 5?
-4
In base 15, what is 1a + -468?
-44d
In base 5, what is 2 + 103?
110
In base 3, what is -12 + -1212?
-2001
In base 7, what is -30 - -524?
464
In base 13, what is -a - 2?
-c
In base 5, what is 1034120 - 4?
1034111
In base 8, what is 5 + -1421?
-1414
In base 10, what is -1625 + -2?
-1627
In base 2, what is 100100101000 + 0?
100100101000
In base 3, what is -12 - -12222?
12210
In base 4, what is -11010 - -11?
-10333
In base 12, what is 8024 - 5?
801b
In base 4, what is 111 - -310?
1021
In base 4, what is -32 - -332?
300
In base 8, what is -5 + 41?
34
In base 12, what is -30 - 8b?
-bb
In base 6, what is 220 + -4?
212
In base 5, what is 4 - 1020?
-1011
In base 5, what is 2 + 1004?
1011
In base 11, what is -1 + -1300?
-1301
In base 13, what is 29 - 5?
24
In base 5, what is 12 - 201?
-134
In base 10, what is -883 - -1?
-882
In base 3, what is -1 + 122?
121
In base 12, what is -115 - 2?
-117
In base 14, what is 27 - -c?
35
In base 12, what is -2 + -ab?
-b1
In base 5, what is -204 - -2331?
2122
In base 4, what is 3 + -1031?
-1022
In base 6, what is 5 + -13244?
-13235
In base 6, what is 3 - -54242?
54245
In base 11, what is -7 - 111?
-118
In base 3, what is 11 + -11120001?
-11112220
In base 12, what is -52 - 12?
-64
In base 9, what is 11180 + 1?
11181
In base 2, what is 110010100011 + 0?
110010100011
In base 6, what is 105401 + 1?
105402
In base 12, what is 2 + 0?
2
In base 11, what is -4 + -237?
-240
In base 16, what is -1b1 + 8?
-1a9
In base 3, what is -11010 - 0?
-11010
In base 4, what is -10332 - -3?
-10323
In base 16, what is -22 - -20?
-2
In base 11, what is -9 - -35?
27
In base 5, what is 43 + -32?
11
In base 3, what is -1210 + -201?
-2111
In base 9, what is -3 + 3?
0
In base 7, what is -614 + 1?
-613
In base 10, what is 0 - -5?
5
In base 8, what is -4030 + 2?
-4026
In base 11, what is -980 + -4?
-984
In base 3, what is 100 + 12?
112
In base 14, what is -78 - 5?
-7d
In base 7, what is -45 - -325?
250
In base 10, what is -1 - -2263?
2262
In base 3, what is -110 - -12?
-21
In base 3, what is 101200 - 12?
101111
In base 8, what is -53 - -1?
-52
In base 5, what is 4220 - -2?
4222
In base 4, what is 1 - 131?
-130
In base 14, what is 5 + 1197?
119c
In base 6, what is 212054 + -4?
212050
In base 12,